-6
Let z(k) = -8*k. Calculate z(8).
-64
Let f(k) = -3*k**2 - 61*k. Calculate f(-20).
20
Let p(t) = -t**3 + 7*t**2 - 6*t + 1. Determine p(6).
1
Let g(u) = u**3 - 17*u**2 + 15*u + 23. What is g(16)?
7
Let t(b) = -b**2 + 18*b + 28. Determine t(18).
28
Let f(i) = 2*i - 3. Calculate f(2).
1
Let q(r) = 12*r + 56. Determine q(-6).
-16
Let f(j) = -j - 9. Calculate f(4).
-13
Let j(d) = 6*d. Determine j(-2).
-12
Let p(r) = r**2 + 4*r - 1. Give p(-5).
4
Let d(w) = w**2 + 14*w - 28. Determine d(-14).
-28
Let t(f) = -2*f**2 + 32. Calculate t(5).
-18
Let i(y) = -2*y**2 + 16*y - 34. Give i(4).
-2
Let x(k) = -2*k**3 - 69*k**2 - 34*k + 9. Give x(-34).
9
Let j(q) = 8*q**2 - q - 6. Determine j(3).
63
Let u(m) = -m**2 + m + 2. Calculate u(4).
-10
Let i(u) = 11*u - 389. Calculate i(35).
-4
Let f(l) = l**2 + 17*l + 12. Calculate f(-15).
-18
Let h(a) = -a**3 + 10*a**2 - 10*a + 3. What is h(8)?
51
Let t(u) = -7*u - 98. Calculate t(-13).
-7
Let v(w) = w**2. Calculate v(-4).
16
Let f(n) = -n**2 + n - 6. Calculate f(0).
-6
Let r(u) = u**3 + 7*u + 5. Calculate r(0).
5
Let i(l) = -l**3 + 3*l**2 + 5*l - 4. Determine i(4).
0
Let u(k) = -k**3 - 28*k**2 + 29*k + 9. Determine u(-29).
9
Let n(k) = k + 5. Give n(0).
5
Let k(x) = -7*x - 30. Determine k(-4).
-2
Let s(u) = -u**3 - 15*u**2 + 20*u - 1. Give s(-16).
-65
Let v(a) = -a**2 + 10*a - 24. Give v(7).
-3
Let c(y) = y**3 + 9*y**2 + 4*y - 2. Calculate c(-8).
30
Let i(k) = k**3 - 7*k**2 + 13*k - 34. Give i(6).
8
Let x(z) = z**3 - 9*z**2 - 12*z - 5. Calculate x(10).
-25
Let g(o) = -3*o**2 - 14*o - 19. Give g(-5).
-24
Let i(x) = x**2 + 17*x - 26. What is i(-19)?
12
Let s(d) = d**3 - 20*d**2 - 24*d - 43. Determine s(21).
-106
Let z(u) = -2*u - 1. Calculate z(2).
-5
Let b(h) = -h**3 - h**2 - h - 12. Determine b(0).
-12
Let w(f) = f**2 - 24*f - 4. Give w(22).
-48
Let f(q) = -7*q - 4. What is f(-4)?
24
Let h(m) = 3*m + 2. What is h(-9)?
-25
Let u(p) = -p**2 - 10*p + 21. Determine u(-13).
-18
Let p(n) = 5*n + 26. Give p(-4).
6
Let b(g) = -g**3 - g**2 + 2*g + 4. Give b(0).
4
Let s(z) = -13*z + 129. What is s(9)?
12
Let w(z) = 21*z**3 + z**2 - 5*z - 5. Give w(-1).
-20
Let y(j) = -j**3 + j**2 + 2*j + 2. Give y(3).
-10
Let h(v) = -v - 12. Calculate h(-8).
-4
Let q(d) = -d + 36. Determine q(32).
4
Let i(a) = a**3 + 8*a**2 - a - 7. Calculate i(-8).
1
Let x(r) = r**2 - 17*r - 227. Determine x(26).
7
Let t(a) = a**2 + 19*a + 77. Give t(-11).
-11
Let z(d) = -d**2 + 10*d - 3. Calculate z(9).
6
Let w(m) = -6*m - 119. Give w(-21).
7
Let r(q) = -q**3 - q**2 - 24. What is r(0)?
-24
Let p(u) = -47*u + 5. What is p(-2)?
99
Let t(w) = w + 31. Give t(-17).
14
Let q(z) = z**3 + 20*z**2 + 2*z + 31. Calculate q(-20).
-9
Let n(c) = 8*c**2 + 4*c + 5. Determine n(-1).
9
Let k(c) = -13*c**3 + c**2 - 3*c + 2. Calculate k(1).
-13
Let h(q) = -q**3 + q - 32. Give h(0).
-32
Let t(h) = -h**3 - 5*h**2 - h - 9. What is t(-5)?
-4
Let w(t) = t**3 + t**2 + t + 10. Give w(0).
10
Let x(a) = a**2 + 7*a - 18. What is x(-9)?
0
Let b(a) = -a**2 + 14*a - 7. Give b(12).
17
Let n(j) = -11*j - 539. What is n(-50)?
11
Let l(b) = -11*b**3 - 2*b**2 - 2*b - 1. What is l(-1)?
10
Let t(o) = -3*o - 21. What is t(-11)?
12
Let d(a) = -a**3 + 13*a**2 - 12*a + 5. Give d(12).
5
Let c(o) = o**2 - 14*o + 2. Determine c(14).
2
Let c(k) = k**2 - 38. Give c(0).
-38
Let x(k) = -k**2 - 5*k - 1. Give x(-3).
5
Let h(u) = -6*u + 4. Calculate h(15).
-86
Let p(c) = c**2 - 32*c - 366. Determine p(-9).
3
Let y(v) = -v**2 - 10*v + 7. What is y(-9)?
16
Let b(v) = -v**3 - 14*v**2 - 7*v + 78. Calculate b(-13).
0
Let a(j) = -2*j + 9. Determine a(3).
3
Let d(s) = -13*s + 20. Determine d(10).
-110
Let r(d) = -d**3 + 19*d**2 - 33*d - 26. What is r(17)?
-9
Let b(t) = -t**3 + 4*t**2 + 26*t - 69. What is b(3)?
18
Let t(y) = y - 2. Determine t(-3).
-5
Let t(i) = 15*i - 1. Calculate t(4).
59
Let x(h) = -7*h - 2. Give x(8).
-58
Let y(i) = -i - 38. Calculate y(0).
-38
Let u(p) = -3*p**2 + 8*p - 4. Give u(4).
-20
Let u(a) = a**3 + 4*a**2 - 4*a - 4. Calculate u(-4).
12
Let p(t) = t**2 + 17*t + 11. What is p(-8)?
-61
Let x(v) = -2*v**3 - 5*v**2 - 12*v - 24. Give x(-3).
21
Let p(h) = h**2 - 14*h + 31. What is p(11)?
-2
Let r(p) = 28*p - 1. Determine r(2).
55
Let w(k) = -2*k + 2. Determine w(2).
-2
Let d(a) = a + 3. Give d(5).
8
Let o(v) = v**3 + 17*v**2 - v - 33. Give o(-17).
-16
Let h(s) = -6*s + 130. What is h(20)?
10
Let m(f) = f**3 + 9*f**2 + 11*f + 6. Give m(-8).
-18
Let n(g) = -19*g + 1. Calculate n(-1).
20
Let p(c) = 8*c - 65. Give p(8).
-1
Let g(w) = -w**3 + 6*w**2 + 55*w - 2. Give g(-5).
-2
Let g(f) = -6*f - 202. Determine g(-35).
8
Let f(s) = s**3 + 14*s**2 + 35*s + 24. Calculate f(-11).
2
Let g(b) = -b**2 - 37*b + 215. What is g(5)?
5
Let z(r) = -r + 12. Give z(5).
7
Let j(g) = g**3 + 6*g**2 + 8*g + 1. Give j(-3).
4
Let f(w) = w**3 - 4*w**2 - 25*w + 19. Give f(7).
-9
Let p(i) = i**2 + 4*i - 18. Calculate p(-6).
-6
Let y(c) = c**3 + 10*c**2 - 3*c - 3. Determine y(-10).
27
Let k(y) = -y**2 + 10. What is k(-5)?
-15
Let g(q) = q**3 - 10*q. What is g(5)?
75
Let z(o) = -o**2 - 13*o - 18. Determine z(-14).
-32
Let i(q) = q**2 + 7*q + 2. Calculate i(-6).
-4
Let q(g) = -7*g - 12. Determine q(-1).
-5
Let h(s) = -s**2 + 2*s + 16. What is h(5)?
1
Let u(w) = -w**2 - 4*w - 4. What is u(-2)?
0
Let n(z) = -z**3 - 7*z**2 - 5*z + 7. Determine n(-6).
1
Let h(q) = -q**3 - 7*q**2 + q + 10. Give h(-7).
3
Let g(l) = l**3 + 11*l**2 - l + 2. What is g(-11)?
13
Let t(s) = -18*s + 229. What is t(14)?
-23
Let i(f) = -2*f - 2. Determine i(-5).
8
Let j(r) = r**3 + 2*r**2 + 6*r + 6. What is j(-1)?
1
Let q(m) = m**2 + 15*m + 2. Give q(-7).
-54
Let t(k) = -k**2 - 13*k + 34. Determine t(-14).
20
Let v(f) = -f - 4. Determine v(-2).
-2
Let x(o) = 4*o**2 - 88*o + 14. Calculate x(22).
14
Let f(a) = a**3 + 11*a**2 - 10*a + 3. Calculate f(-12).
-21
Let n(o) = o**2 - 2*o + 3. Determine n(3).
6
Let o(b) = b**2 + 9*b - 182. Calculate o(-19).
8
Let w(q) = 2*q**2 + 31*q + 18. What is w(-15)?
3
Let p(x) = -x**3 + 4*x**2 + 10*x - 5. Give p(6).
-17
Let g(a) = 5*a**2 - 32*a - 72. Give g(-2).
12
Let r(p) = -6*p - 42. Calculate r(-18).
66
Let z(h) = -h**2 - 14*h. Give z(-6).
48
Let j(d) = -13*d - 58. Determine j(-4).
-6
Let g(c) = -c**3 - 17*c**2 - 24*c - 6. Give g(-16).
122
Let c(w) = w**3 + 7*w**2 - 3*w - 15. Give c(-7).
6
Let l(m) = -4*m**2 + 85*m - 86. Give l(1).
-5
Let c(i) = 10*i + 87. Give c(-7).
17
Let q(n) = -n**2 + 31*n - 70. Give q(28).
14
Let z(w) = -83*w - 658. Determine z(-8).
6
Let u(z) = z**2 + 25*z + 45. Give u(-21).
-39
Let r(i) = i**3 - 7*i**2 - 7*i - 17. Calculate r(8).
-9
Let i(p) = -7*p**2 - p + 2. Determine i(-2).
-24
Let w(r) = 28*r - 1155. Determine w(41).
-7
Let l(f) = 6*f + 11. What is l(-12)?
-61
Let z(m) = 4*m**3 + 3*m + 2. Give z(-1).
-5
Let x(z) = -z**2 + 30. Calculate x(-6).
-6
Let z(b) = b**3 + b**2 - 18*b - 5. What is z(4)?
3
Let y(w) = -3*w**2 + 3*w - 3. Calculate y(4).
-39
Let o(l) = l**3 + l**2 - 9*l - 1. Give o(-4).
-13
Let h(q) = 40*q + 198. Give h(-5).
-2
Let l(j) = -j**2 - 5*j + 5. Calculate l(-3).
11
Let h(l) = l**2 + 19*l - 249. Calculate h(9).
3
Let p(h) = 4*h**2 + 13*h + 7. Give p(-3).
4
Let z(p) = -5*p - 7. Give z(-6).
23
Let h(j) = -5*j + 6. Calculate h(10).
-44
Let i(f) = -f + 25. Determine i(-6).
31
Let z(l) = -5*l**2 - l - 1. Give z(-1).
-5
Let h(t) = -t**2 + 8. Determine h(4).
-8
Let m(b) = -12*b - 31. What is m(-4)?
17
Let c(u) = 30*u - 26. Calculate c(1).
4
Let m(w) = w**3 - 9*w - 7. Give m(-3).
-7
Let g(l) = -11*l - 65. What is g(-4)?
-21
Let x(q) = -5*q + 4. Calculate x(5).
-21
Let j(l) = 31*l + 271. Calculate j(-9).
-8
Let j(v) = -v**2 - 23*v + 9. Give j(-22).
31
Let a(f) = -f**2 + f - 2. Calculate a(4).
-14
Let n(l) = l + 60. Determine n(0).
60
Let b(n) = -2*n + 11. Determine b(-8).
27
Let f(n) = n**2 - 2*n + 3. Give f(2).
3
Let d(t) = t**3 + 5*t**2 - 10*t + 24. Calculate d(-7).
-4
Let r(p) = -p**3 + 10*p**2 + 4*p + 19. Calculate r(9).
136
Let y(f) = -3*f**3 + f**2 - 4*f + 3. Determine y(2).
-25
Let o(n) = n - 5. Give o(4).
-1
Let h(j) = 11*j**3 - j**2 + 2*j - 1. Give h(1).
11
Let u(s) = -s**3 + 5*s**2 + 9*s - 15. Give u(6).
3
Let t(a) = a**3 + 2*a**2 + 6. Give t(-4).
-26
Let a(r) = -r**2 + 2*r + 31. Give a(5).
16
Let k(o) = -2*o**2 + 7*o + 65. Calculate k(-6).
-49
Let i(v) = v**3 + 9*v**2 - 4*v + 39. W